-9 - (-1 - 0) - (-24 - -6 - -25)?
-15
What is -2 - (-9 + 15) - (12 + -17)?
-3
What is -6 + 1 - 2 - (-7 - -29 - 31)?
2
What is 1 + -13 - (17 - (11 - -8))?
-10
Evaluate 25 + -3 + (86 - 92).
16
What is 24 + -31 + -8 - (-1 - 8)?
-6
Calculate (0 - -4) + -3 - 12.
-11
What is the value of -10 + (-3 - 17) - -44?
14
What is -121 + 138 - (-4 + 2 - -8 - 2)?
13
-6 + 0 + -2 + 0 - (52 - 47)
-13
-3 - (-2 - (-6 - -13))
6
(16 - 33 - -4) + 15 + -1
1
What is -73 + 65 + 1 + -1 - 4?
-12
What is the value of -24 - -18 - (-4 + -2)?
0
What is -7 + (-56 - -23) + 29?
-11
Calculate -17 - (10 + -11 + -14).
-2
-1 + 17 - (85 + -70)
1
Calculate (-1 - -17) + (252 - 308) + 10 + 2.
-28
-17 + (29 - 17 - 25)
-30
-14 + 15 + -9 - (2 - 22)
12
What is -2 + (1 + 7 - 3) + -21 + 5?
-13
(2 - (1 + 3)) + -12 + (-13 - -28)
1
Evaluate -8 + 10 + 7 + 0 - 15.
-6
Calculate 9 - 2 - (-149 + 152).
4
What is the value of 6 - (9 - (-11 + 17) - -18)?
-15
What is the value of 2 - (-9 - -13) - -4?
2
What is the value of 2 + (-1 + 4 - (45 + -23 + -4))?
-13
What is (7 - (6 + -9)) + (8 - 16)?
2
Evaluate -1 - 10 - (-12 - -14).
-13
Evaluate 2 - -1 - (-5 - (8 - (-8 - -12))).
12
Calculate 4 - 2 - -7 - (-60 + 31 + 33).
5
Evaluate 3 - -2 - (242 - 243).
6
6 - (-3 + -11 + 1 + (33 - 37))
23
What is the value of (-55 - -68) + 1 + -10 + 1?
5
5 - (9 - (11 - 2)) - -13
18
What is the value of -25 + 38 - 8 - (34 + 1)?
-30
What is the value of 36 - (-19 - -42) - (24 + -2)?
-9
Evaluate 6 + -4 + (6 - 4) + -3 + -2.
-1
What is 12 - (7 + -10 + 11)?
4
(7 - (-6 - -8)) + -6 + 14
13
Calculate -2 + 2 + (-53 - -43).
-10
What is the value of -8 - 1 - -24 - (50 + -5)?
-30
What is the value of (-15 + -5 - -14) + (16 - -2)?
12
What is the value of -10 - (-5 - (0 - 3)) - 7?
-15
Calculate (88 - 94) + (-1 - -7) + 2.
2
Evaluate -1 - ((-6 - -9) + 10).
-14
Evaluate 61 + 7 + 39 + -69.
38
What is -52 + 5 + 54 + (-14 - 1)?
-8
16 - 1 - (15 + 10 + -20)
10
What is 29 - (4 - (19 - 3) - -10)?
31
What is 14 + 14 - (22 + -10)?
16
Calculate (-2 - (-4 + (7 - (0 + 3)))) + -12.
-14
Evaluate 14 + (-18 - (23 + -16)).
-11
(-56 - -93) + (-15 - -2) - (4 - -2)
18
Evaluate -7 - (9 - 0 - (3 + -10 - -12)).
-11
What is -2 + -2 + (-128 - -117)?
-15
-8 + (-5 - -19) - (2 - (-1 + -3))
0
What is 3 + (-5 - -4) + 1 + -41 + 41?
3
4 + -5 - (-16 + 4 + 4)
7
Evaluate 12 + (-25 - 3 - -9) - -17.
10
Calculate -9 + 14 + (6 - 10) - -9.
10
(-9 - 0) + 0 - (370 + -372)
-7
Evaluate -2 + 6 + -4 + 16 + -22 + -7.
-13
Evaluate 2 - -4 - (-722 + 728).
0
-7 + 16 + (-2 - -6) + 0
13
What is 1 - -60 - (416 + -393)?
38
What is -15 + 14 + -10 - -2 - -29?
20
Calculate 5 + (3 - 1) + -3 + (66 - 59).
11
Calculate (4 - 13) + 5 + 4 + -2.
-2
Evaluate -39 - -21 - (-13 - -9).
-14
Calculate 7 + 2 + 0 + -26 + (-5 - -26).
4
Evaluate 43 - (30 + 0) - 15.
-2
Evaluate 42 - 47 - (-7 + 12).
-10
Evaluate -4 - -7 - (1 + 8 + (-28 - -22)).
0
23 - (4 - (-19 + 24))
24
Calculate -13 + 12 + -33 + 13.
-21
What is (1 - (-4 + 2)) + 9 + -11 + -12?
-11
Evaluate -25 - (-30 - (-16 + 10)).
-1
What is -14 - (-18 - (-7 - -9))?
6
Calculate -4 - -4 - 18 - -15.
-3
What is (-3 - (-6 - 1)) + (29 - (15 + -5))?
23
What is the value of (11 - -2 - 16) + (1 - (0 - 9))?
7
What is the value of -2 - (-14 + 7 + -2 + -3)?
10
What is (-28 - (-30 + 23)) + (3 - 4)?
-22
Evaluate 7 + (6 - (2 + 2)).
9
Calculate -27 - (35 + -76) - (1 + (-1 - -3)).
11
What is 31 + -12 - 45 - -53?
27
(-11 + 1 - -4) + -10 + (-3 - -7)
-12
What is the value of 5 + 21 + -13 - 11?
2
Calculate -27 - -14 - (8 + (6 - 10) - 0).
-17
Evaluate -1 + (-12 - (6 + (3 - 1) + -8)).
-13
What is -21 - (-4 - (3 + -3)) - -6?
-11
Evaluate -24 + 16 + 9 + 3.
4
-3 - ((20 - 1) + -12)
-10
Evaluate -4 + 3 - ((-4 - -2 - -3) + 2).
-4
-3 - (-1 + (-7 - 1 - -10))
-4
Calculate 6 - -5 - (-25 + (26 - -14)).
-4
Calculate (-10 - (-22 + 13)) + 4 - (12 + 3).
-12
Evaluate -56 + 30 + 36 - 32.
-22
17 - (6 + (37 - 35) + (-2 - 5))
16
Evaluate -2 - (-5 + 6 + (2 - 1) - -11).
-15
(-14 - (-2 + 0)) + 19 + 22
29
What is the value of 30 - (57 - (-6 - -14))?
-19
Calculate (-252 - -274) + (-1 - 11).
10
Evaluate 2 + 11 + 1 - (-52 - (-51 + -7)).
8
What is (15 - 2 - (-40 + 75)) + 11?
-11
Evaluate 12 + (-7 + -1 - (27 + -42)).
19
(17 - -4 - -6) + (-35 - -23)
15
Evaluate 8 - -7 - 12 - (8 - 2) - -6.
3
(-17 - 0) + 28 + -10
1
Calculate 25 + -17 + 6 - (2 - 18).
30
What is -30 - ((18 - 10) + 3 + (-21 - -9))?
-29
Evaluate -4 + (3 - (-7 + (-14 - -5))).
15
(-1 - -1) + (2 - -7) + -8 + -14
-13
Calculate 5 + (3 - 4 - (8 + (10 - 11))).
-3
(-19 - -50 - 27) + (-1 - -1 - 7)
-3
-19 + (5 + 7 - 0)
-7
Evaluate -16 + 1 + (-10 + 8 - -10).
-7
What is (-1 + 0 - 6) + (-57 - -13 - -40)?
-11
What is -4 + (-12 - (45 - 31))?
-30
(18 - (7 + 20 + -8)) + (-7 - 1)
-9
What is the value of 5 + (-3 - -5) + (-32 - -17 - -20)?
12
-4 + 8 + 2 + 2 - -5
13
(-12 - (-57 - -19)) + -7
19
Calculate 13 + -12 + (-6 - -13) + -1.
7
What is the value of -3 - (-1 - 1 - (95 - 97))?
-3
Calculate 4 + (42 + -37 - (7 - 3)).
5
What is the value of 12 + 0 - (25 + -51 - -23)?
15
(1 + 1 - 11) + 9 + 6
6
Evaluate -146 - -187 - (0 - -18).
23
Evaluate (-10 - (-13 + 6)) + -2 + (0 - 10).
-15
Calculate 9 - (9 + 14 + -15).
1
What is (-2 - (22 - 24)) + 1 + 0?
1
What is 3 - ((-3 - -13) + -23)?
16
Calculate 73 + -173 + 89 - (1 + 5).
-17
7 + (-9 - (-8 - (16 + -14)))
8
Evaluate 0 - (12 - ((11 - 1 - -2) + -9)).
-9
What is the value of 10 + (-26 + 10 - -2) + 11 + -1?
6
Calculate -7 + (-2 + 5 - (-86 - -81)).
1
What is the value of -23 + -13 + 6 + 38?
8
-5 + 2 - (1 + 0)
-4
Calculate 2 + (-9 - (-22 + 13)).
2
What is the value of -10 - -2 - (17 - 35) - 15?
-5
Calculate -18 - (-5 + 2 + -11).
-4
Calculate -2 - -11 - (13 - 9) - 2.
3
4 + -2 + -5 + (3 - 8)
-8
What is -6 + (-9 - -14 - -9)?
8
What is 835 + -803 + -26 + 1?
7
Evaluate -24 + (-7 - -4 - (-1 - (3 + 4))).
-19
Evaluate (-10 - -12) + 3 + 2 - (16 + 0).
-9
2 - (10 + (-4 - 4) - -14)
-14
What is the value of 0 + -1 - ((-4 + 15 - -1) + -10)?
-3
What is 14 + 2 + (-667 - -676)?
25
What is the value of -3 - (-53 + 61 - (1 - -7))?
-3
Evaluate -27 - ((-3 - 14) + -5).
-5
What is the value of 5 + -19 + -39 + 43?
-10
What is the value of (-8 - (25 + -27 - (-2 + 2))) + -3?
-9
What is the value of 11 - (-4 + 7 + 3 + -5)?
10
-2 + (-5 - -10) + -6
-3
What is the value of 4 + 0 + -1 + (-5 - (-11 + 6))?
3
What is the value of 120 + -126 + (-3 - (1 + 2 - 33))?
21
What is the value of 1 - (-9 + -10 + 6)?
14
What is 14 - (-31 - (-2 - 27))?
16
-9 + (-1 - 13) + (-26 - -33)
-16
Evaluate (-19 + 13 - -52) + -48.
-2
What is the value of -13 + (-18 - -21) + (-2 - -3 - -3)?
-6
Evaluate 609 + -615 - (16 + -2).
-20
Calculate 29 - (-31 + 23) - 36.
1
Evaluate -8 + 16 + (-5 - 10).
-7
4 + (2 - (-9 - -2 - (-4 - -1)))
10
Evaluate 12 + -15 + (7 - 12).
-8
Evaluate 14 + (1 - (5 + 2 - 2)).
10
5 - (9 - (5 - 10)) - -14
5
What is the value of -5 - (10 + -8 + 9 - 5)?
-11
What is the value of -18 - (-33 - 21) - 18?
18
What is -9 - (-4 + 9 + -9 + -1)?
-4
Evaluate -8 - ((10 - 3) + -15 + -13).
13
What is the value of -10 + (6 - (4 + -4))?
-4
What is the value of 11 + (-19 - -7) - (-11 + 3)?
7
What is the value of 8 + (9 + -6 - 6) + -2?
3
31 + (-10 - (-32 + 49))
4
What is -2 + -2 + 1 + 180 + -177 - -18?
18
Evaluate 15 - (57 - 28) - (8 + 1).
-23
What is the value of 7 - (-5 - (3 + 2 + (1 - 1)))?
17
What is (2 - (-1 + 4 + -2)) + (1370 - 1377)?
-6
Evaluate -4 + (7 + 0 - 8).
-5
What is (249 - 244) + 3 + -4?
4
What is -4 + (6 - (5 + -9 + 6)) + -9?
-9
(-2 - -4) + (-4 - ((2 - 0) + -9))
5
Calculate -3 + 1 - (11 - 16 - 5).
8
(0 - -6 - 0) + -12 + -1 - 4
-11
Calculate (19 - (-3 - -2 - -5 - -1)) + -8.
6
What is the value of -22 + (11 - (-7 + 4))?
-8
What is the value of 0 + 6 - (620 + -584)?
-30
22 - (-32 - -8) - 80
-34
Evaluate (9 - (14 - 7)) + 4 + -1.
5
What is 0 + 11 + (14 - 30 - -12)?
7
-3 + (-11 - (9 + (-5 - 5)))
-13
(1 - -2) + (-14 - (12 + -6 + -11))
-6
Evaluate 12 + -17 + -2 - (-58 - -31).
20
What is the value of 562 + -569 + (0 - -2 - (-1 + 6))?
-10
What is the value of 190 + -195 - (-2 - -5 - 7)?
-1
Calculate (0 - -9 - 0) + -12 + 26 + -3.
20
Evaluate -50 + (61 - 18) + 0 + 1 + 2.
-4
What is 38 - (36 - 74 - -66)?
10
0 + (-2 - (0 - 3)) + 8 - -1
10
What is the value of (-14 - -9) + 6 - (9 - 13)?
5
Calculate -24 + (16 - -5) + 17.
14
Evaluate -3 + (-27 + 17 - -24).
11
Evaluate (1 - (-5 - -6 - -3 - 3)) + 15.
15
Wha